- 3*f = 2917. List the prime factors of m.
1451
Let t = 23 + -19. Suppose -k + t*k - 87 = 0. List the prime factors of k.
29
Let i be 5/20 + (-218)/8. Let v = i - -40. Suppose 5*q - 5*b = 2 + v, -2*b + 2 = 0. List the prime factors of q.
2
List the prime factors of (-61908)/(-70) + -2 + (-26)/(-10).
3, 5, 59
Let r(s) = -5*s**3 - 22*s**2 - 16*s - 26. List the prime factors of r(-6).
2, 179
Suppose -249 = -5*s + 41. What are the prime factors of s?
2, 29
Let k = -18 - -20. Suppose -15 - 49 = -k*a. Suppose -2*f = -f - a. What are the prime factors of f?
2
Let a = -3535 - -5024. What are the prime factors of a?
1489
Suppose -v + 11 = 9. List the prime factors of 1793/121 - v/(-11).
3, 5
What are the prime factors of (-2)/(-7) + 6856*(-5)/(-70)?
2, 5, 7
Let g(a) = -2*a**3 + 12*a**2 - 16*a + 22. Let n(t) = -5*t**3 + 24*t**2 - 32*t + 45. Let c(q) = 7*g(q) - 3*n(q). What are the prime factors of c(-13)?
2, 29
Suppose 6*s = 3*s + s. Suppose s = -9*j + 1250 - 458. List the prime factors of j.
2, 11
Suppose -c + 0*n = 5*n - 1091, 4*n - 3284 = -3*c. What are the prime factors of c?
2, 137
Let b be (2 - -3) + -4 + 18. Suppose -64 = -b*v + 18*v. List the prime factors of v.
2
Let r(b) = 33*b**2 + b + 16. What are the prime factors of r(5)?
2, 3, 47
Let b be (-1)/(-1) + (-8)/8. Suppose b*c - 44 = -c. What are the prime factors of c?
2, 11
Let x(c) = -12*c**3 - c**2 + 1. Let u be 6*(-2)/(-4) + 3. Let p be ((-2)/u)/(4/12). What are the prime factors of x(p)?
2, 3
Let g = 558 + -218. List the prime factors of g.
2, 5, 17
Suppose 2*f + 2*f = -104. Let r = -15 - f. List the prime factors of r.
11
Suppose 2*s = -5*h + 124, -3*h - 3*s + 74 = -4. List the prime factors of h + (-6 + 5)*0.
2, 3
Suppose 2*w + 2*x = 362 + 132, -w + 252 = -4*x. Let p(r) = r**2 - 2*r + 4. Let k be p(0). Suppose -68 + w = k*a. What are the prime factors of a?
3, 5
Let k be 0/(3*(-1)/(-3)). Suppose -4*t + 16 + 4 = k. Let m = 21 + t. List the prime factors of m.
2, 13
Let n be 0 + 2 + 307 + (4 - 4). Let f = n - 128. List the prime factors of f.
181
List the prime factors of ((-17469)/(-6) + -3)*2/3.
7, 277
Let n = 21 + -14. Suppose x = -n*x - 80. What are the prime factors of ((-12)/x)/((-18)/(-45))?
3
Suppose q + 4*g - 3415 = 0, 3*g - 8747 = -5*q + 8311. List the prime factors of q.
3, 379
Let j(t) = -t**2 + 7*t + 4. Let v = -72 - -102. Let q be 214/v - (-10)/(-75). List the prime factors of j(q).
2
What are the prime factors of (-150205)/(-33) - 7/((-147)/(-14))?
3, 37, 41
Let y(d) = d**2 + 6*d + 4. List the prime factors of y(-6).
2
Let q(j) be the first derivative of j**3/3 - 11*j**2/2 + 10*j + 8. Let l be q(9). Let t(f) = -f**2 - 18*f - 8. What are the prime factors of t(l)?
2, 3
Let n be (-142)/(-5) - 8/20. Let a = 7 + -21. Let s = n + a. List the prime factors of s.
2, 7
Let k be (-12)/(-28) + 92/14. Let p(a) = a**3 - 7*a**2 + 8*a + 1. Let m be p(k). Suppose -m = -3*u + 21. List the prime factors of u.
2, 13
Suppose 2337 = 2*j + 3*x - 1979, 5*x = -4*j + 8632. What are the prime factors of j?
2, 13, 83
Let s = -77 + 77. Suppose -4*a + 9*a - 1305 = s. List the prime factors of a.
3, 29
Let n be (-6)/24 + 170/8. Let k = 24 - n. Suppose 2*c = -4*b + 6, -4*b = 3*c + k - 6. What are the prime factors of b?
3
Suppose 4*h - 6*h = -10. Let s be -2 + (-15)/(-5) - -1. Suppose -w + 25 = -y, 3*w + h*y - 37 = s*w. List the prime factors of w.
3
Suppose 7*w - 2102 = 159. Suppose -3*u = a - w + 31, 4*u - 4 = 0. List the prime factors of a.
17
Let s = 20 + -34. List the prime factors of 2/7 + (-206)/s.
3, 5
Suppose -g = j - 2*g - 179, -2*g = 3*j - 537. Let r = j - 60. List the prime factors of r.
7, 17
Suppose -r - 3*t + 4 = -2*r, 0 = 4*r - 2*t - 14. Suppose 0 = 2*i - 6*i + 16. Suppose -r*d + p + i*p = -155, 125 = 3*d + 5*p. List the prime factors of d.
5, 7
Let c be (72/(-5) + (-8)/(-20))*1. Let n(u) = u**3 + 14*u**2 - 10*u - 7. List the prime factors of n(c).
7, 19
What are the prime factors of -23*(12/6)/(-2)?
23
Let a = 84 + -79. Suppose -4*o = a*l - 1038 + 381, 3*l + 143 = o. What are the prime factors of o?
2, 79
Let a(f) = -2*f**3 + 2*f**2 + 2*f + 2. Let u be a(2). What are the prime factors of (-75)/(-6) + 3*u/4?
11
Let i = 2207 + -630. What are the prime factors of i?
19, 83
Let q(w) = -27*w + 29. Let s be q(-4). Suppose g - s = -75. List the prime factors of g.
2, 31
Let m = 5332 - 3053. List the prime factors of m.
43, 53
Suppose 0 = 2*w - 4 - 12. Suppose 0*o = -2*o + w. Suppose 4*d + 0*d - 4*b = 16, -5*b - 2 = o*d. What are the prime factors of d?
2
Let t(g) = 226*g**3 - 2*g**2 + 2*g - 1. List the prime factors of t(1).
3, 5
Let b = -45 - -66. Let f be (0 + -2 - -3)*-3 - -1. Let j = f + b. List the prime factors of j.
19
Let m(a) = 1236*a - 75. What are the prime factors of m(2)?
3, 17, 47
Suppose -3038 = -1017*g + 1015*g. What are the prime factors of g?
7, 31
Suppose -2*j - 10 = 4*i, 0*j - 2*j - 2 = 0. Let u = 157 - 155. List the prime factors of (u - 4/i) + 31.
5, 7
Suppose 0 = 2*c + 3*d - 4759, 0 = 2*c + 2*d - 3241 - 1515. List the prime factors of c.
5, 19
Suppose -m - 2*p + 2 = -0*p, -3*m + 26 = p. Suppose -171 = 7*w - m*w. What are the prime factors of w?
3, 19
Suppose q + 2 = -0. Let i be ((-8)/3)/(q/108). Suppose -2*t + 5*t - i = 0. List the prime factors of t.
2, 3
Suppose 2*j = 441 + 575. What are the prime factors of j?
2, 127
Let u = -17 + 26. Let m = u - 4. Suppose -107 + 12 = -m*z. What are the prime factors of z?
19
Let y(n) = -n**3 - 8*n**2 + n - 4. Let g(p) = -p**3 - 11*p**2 - 8. Let a be g(-11). Let s be y(a). What are the prime factors of (s/(-2))/((-10)/(-25))?
3, 5
Let p(x) = x**3 + 12*x**2 - 18*x + 19. Let m be p(-13). Let h = m - 81. List the prime factors of h.
3
Let d = 1793 - -356. What are the prime factors of d?
7, 307
Let q(l) = l**2 + 9*l + 6. Suppose -2*w = 2*g + 2, -w - g = -4*w - 23. Let i be q(w). Let z = -1 - i. What are the prime factors of z?
11
Let w = 21 - 3. Let j be 6/(-5)*(-60)/w. Suppose 0 = s + 2*c - j, 3*s - c = -s + 16. List the prime factors of s.
2
Suppose 5*u - 5*w - 150 = 0, 62 = 2*u - 23*w + 20*w. What are the prime factors of u?
2, 7
Suppose 0 = 5*v - 5*m - 2850, -m + 3166 = 5*v + 286. List the prime factors of v.
5, 23
Suppose 0*a = 3*a - 9. Suppose a*i = 5*i - 10. Suppose 286 = i*s - 64. List the prime factors of s.
2, 5, 7
Suppose -4*d = -18 - 54. Let k = d - 15. Suppose -450 + 105 = -4*r + 5*x, -2*x + 230 = k*r. List the prime factors of r.
2, 5
Suppose -64 = 2*l - 3*l - 3*u, -l = -3*u - 52. Suppose 4*g - 4*o - 175 = -o, -4*o + l = g. List the prime factors of g.
2, 23
Let w(b) = b**2 - 21*b + 211. What are the prime factors of w(46)?
1361
Let s be 36/63*(-14)/(-4). Suppose -3*z = -y + 4, 12 = 3*y - 0*y + s*z. Suppose 4*t - 72 = -y*l, -2*t + 22 = -2*l - 14. List the prime factors of t.
2, 3
Let s(d) = -40 + 11*d + 6*d + 9*d - 20*d. What are the prime factors of s(12)?
2
Suppose -3*l - y = 2*l - 2478, -4*l + 1994 = -5*y. Suppose -l = -7*p + 5*p. List the prime factors of p.
2, 31
Let z(i) = i**2 + 7*i + 4. Let r be z(-4). Let a = 29 + r. What are the prime factors of a?
3, 7
Suppose -h - 2221 = -3*f - 470, 4 = 4*h. List the prime factors of f.
2, 73
Suppose -157 + 5 = -a. Suppose 2*o = 68 + a. List the prime factors of o.
2, 5, 11
Let o(s) = 100*s**3 + 3*s - 3. What are the prime factors of o(1)?
2, 5
Let p(t) = -t + 244. List the prime factors of p(12).
2, 29
Let l be (-1 - (-5 - 0)) + (-52)/(-52). Suppose -67 = -q + l*h + 31, 0 = 4*q - 5*h - 347. List the prime factors of q.
83
Let a = 1316 - 1117. List the prime factors of a.
199
Suppose -3*c + 8 = -7. Suppose -c*b + 22 = s, -2 = -0*b + 2*b - 5*s. List the prime factors of ((-2)/8)/(b/(-592)).
37
Suppose -2*y + 464 = 2*y. Suppose 5*l = 3*d + 1 - y, 2*d - 68 = -l. Suppose -5*w + 115 = -d. List the prime factors of w.
2, 3, 5
Let q(s) = -5*s**3 + 5*s**2 + 4*s + 24. List the prime factors of q(-6).
2, 3, 5, 7
Suppose -189 + 1103 = 2*f. List the prime factors of f.
457
Let m = -134 - -17. Let r = 194 + m. List the prime factors of r.
7, 11
Let k(y) = 152*y + 150. What are the prime factors of k(13)?
2, 1063
Let p(x) = 0 + 2 + 8*x + x**2 + 4 - 3. Let w be p(-8). Suppose -4*i + g + 95 = 2*g, 0 = -g + w. What are the prime factors of i?
23
Suppose 3*a = -2*a - 4*h + 10, 3*h = -2*a + 